d millions digit of 1161739408?
1
What is the ten thousands digit of 2678518275?
1
What is the millions digit of 663294734?
3
What is the ten thousands digit of 17420575?
2
What is the units digit of 6960425013?
3
What is the units digit of 57900698?
8
What is the units digit of 364252063?
3
What is the millions digit of 153150654?
3
What is the hundred thousands digit of 5912521603?
5
What is the thousands digit of 80208738?
8
What is the ten millions digit of 103569828?
0
What is the hundred thousands digit of 310694847?
6
What is the billions digit of 3688816819?
3
What is the hundred thousands digit of 330466766?
4
What is the units digit of 116284313?
3
What is the hundred millions digit of 286984680?
2
What is the thousands digit of 509920984?
0
What is the hundred thousands digit of 224737186?
7
What is the ten millions digit of 74389163?
7
What is the millions digit of 800723798?
0
What is the tens digit of 6046831412?
1
What is the ten millions digit of 1536973021?
3
What is the hundred millions digit of 2227957558?
2
What is the thousands digit of 873440603?
0
What is the hundred thousands digit of 20345815?
3
What is the hundreds digit of 47903192?
1
What is the ten millions digit of 1362898433?
6
What is the hundreds digit of 177004850?
8
What is the tens digit of 5218927219?
1
What is the ten thousands digit of 65744495?
4
What is the ten thousands digit of 81928903?
2
What is the thousands digit of 1509700470?
0
What is the ten millions digit of 75233214?
7
What is the hundred millions digit of 563703053?
5
What is the ten thousands digit of 19592319?
9
What is the units digit of 75810011?
1
What is the hundred millions digit of 383905626?
3
What is the hundred thousands digit of 325405013?
4
What is the units digit of 33615231?
1
What is the hundred thousands digit of 2829902944?
9
What is the thousands digit of 518518356?
8
What is the ten thousands digit of 525749337?
4
What is the ten millions digit of 957197578?
5
What is the hundred thousands digit of 1213112801?
1
What is the hundred thousands digit of 293756594?
7
What is the hundred thousands digit of 36966185?
9
What is the hundred thousands digit of 2254663?
2
What is the ten thousands digit of 1081817401?
1
What is the ten millions digit of 11932375?
1
What is the millions digit of 600076333?
0
What is the millions digit of 273627229?
3
What is the ten thousands digit of 703323405?
2
What is the ten thousands digit of 467879826?
7
What is the ten millions digit of 15646394?
1
What is the ten thousands digit of 76436458?
3
What is the ten thousands digit of 147011217?
1
What is the hundreds digit of 146567065?
0
What is the ten thousands digit of 138774321?
7
What is the tens digit of 310127413?
1
What is the tens digit of 232866084?
8
What is the tens digit of 645932799?
9
What is the millions digit of 3462893422?
2
What is the hundreds digit of 1425608628?
6
What is the tens digit of 3752634074?
7
What is the hundred thousands digit of 883938021?
9
What is the units digit of 42151632?
2
What is the ten millions digit of 102402561?
0
What is the millions digit of 169535442?
9
What is the ten millions digit of 1030104243?
3
What is the ten thousands digit of 1276318592?
1
What is the units digit of 881893900?
0
What is the hundreds digit of 8242521170?
1
What is the ten thousands digit of 19292747?
9
What is the units digit of 141719272?
2
What is the ten millions digit of 316638644?
1
What is the hundred thousands digit of 39995089?
9
What is the tens digit of 31172746?
4
What is the tens digit of 74780476?
7
What is the thousands digit of 7211143253?
3
What is the thousands digit of 73848660?
8
What is the tens digit of 82081376?
7
What is the ten thousands digit of 106421047?
2
What is the ten millions digit of 846746195?
4
What is the hundred thousands digit of 25179554?
1
What is the thousands digit of 5128300?
8
What is the hundreds digit of 56570984?
9
What is the ten thousands digit of 1653209810?
0
What is the thousands digit of 15389124?
9
What is the ten thousands digit of 18755217?
5
What is the tens digit of 64390985?
8
What is the thousands digit of 1219645944?
5
What is the hundreds digit of 121474743?
7
What is the ten thousands digit of 754813497?
1
What is the ten millions digit of 56885635?
5
What is the ten thousands digit of 2982021819?
2
What is the ten thousands digit of 1514615995?
1
What is the units digit of 122622964?
4
What is the ten thousands digit of 218550511?
5
What is the tens digit of 117463538?
3
What is the hundreds digit of 118610827?
8
What is the hundreds digit of 18240913?
9
What is the tens digit of 2726079328?
2
What is the tens digit of 1424557015?
1
What is the hundred millions digit of 192975656?
1
What is the millions digit of 270606692?
0
What is the ten thousands digit of 63408592?
0
What is the units digit of 144612048?
8
What is the hundreds digit of 109655476?
4
What is the ten millions digit of 436973259?
3
What is the hundred thousands digit of 1203941007?
9
What is the ten millions digit of 97143001?
9
What is the millions digit of 57912653?
7
What is the units digit of 657035246?
6
What is the millions digit of 777087544?
7
What is the ten millions digit of 74997037?
7
What is the hundred thousands digit of 223465363?
4
What is the tens digit of 1183375757?
5
What is the hundreds digit of 635976030?
0
What is the hundred thousands digit of 773898965?
8
What is the ten millions digit of 20697419?
2
What is the tens digit of 5444349829?
2
What is the millions digit of 72289198?
2
What is the hundreds digit of 109284891?
8
What is the thousands digit of 39701316?
1
What is the hundreds digit of 29547803?
8
What is the ten millions digit of 99960214?
9
What is the millions digit of 162969724?
2
What is the tens digit of 261094113?
1
What is the ten thousands digit of 61282725?
8
What is the ten thousands digit of 46738271?
3
What is the hundred thousands digit of 813465911?
4
What is the tens digit of 791298485?
8
What is the hundred thousands digit of 1618268378?
2
What is the hundreds digit of 184955502?
5
What is the millions digit of 163243805?
3
What is the hundred millions digit of 249942454?
2
What is the units digit of 118248002?
2
What is the hundreds digit of 32431989?
9
What is the millions digit of 31805835?
1
What is the hundred thousands digit of 7896640128?
6
What is the thousands digit of 229551571?
1
What is the units digit of 305348313?
3
What is the ten thousands digit of 597952111?
5
What is the hundreds digit of 112395818?
8
What is the hundreds digit of 6510052?
0
What is the hundreds digit of 3532423814?
8
What is the millions digit of 14485577?
4
What is the units digit of 111980540?
0
What is the tens digit of 248704210?
1
What is the hundred thousands digit of 6651168946?
1
What is the hundred millions digit of 372141469?
3
What is the millions digit of 85521973?
5
What is the ten millions digit of 158249362?
5
What is the hundred millions digit of 182723315?
1
What is the thousands digit of 6005270?
5
What is the hundred thousands digit of 337421261?
4
What is the millions digit of 113686651?
3
What is the hundreds digit of 2732394971?
9
What is the hundreds digit of 2580116083?
0
What is the hundred thousands digit of 367189277?
1
What is the thousands digit of 7143229251?
9
What is the tens digit of 56687404?
0
What is the millions digit of 1316530040?
6
What is the thousands digit of 828874237?
4
What is the tens digit of 28459168?
6
What is the hundred millions digit of 721584576?
7
What is the ten millions digit of 414962130?
1
What is the billions digit of 1597083895?
1
What is the hundred thousands digit of 278962344?
9
What is the hundreds digit of 4887346?
3
What is the millions digit of 44797512?
4
What is the hundred millions digit of 280664092?
2
What is the hundred thousands digit of 69382720?
3
What is the thousands digit of 34431602?
1
What is the thousands digit of 24700179?
0
What is the ten millions digit of 97442273?
9
What is the hundred millions digit of 272742872?
2
What is the ten thousands digit of 1004233674?
3
What is the ten millions digit of 29404205?
2
What is the units digit of 119610159?
9
What is the hundred thousands digit of 26904545?
9
What is the hund